of 112 and r.
14
Let h(m) = -3*m + 8. Let q be h(-7). Let o = q + -20. Let l = -50 + 53. What is the highest common factor of l and o?
3
Suppose -b + 30 - 12 = 0. Calculate the highest common divisor of 27 and b.
9
Let t(w) be the third derivative of -w**4/3 + w**3/3 + 8*w**2. Let z = -3 + -2. Let r be t(z). What is the greatest common factor of r and 6?
6
Suppose -3*m - 3*f = 2*f - 145, 5*m - 267 = -2*f. Calculate the highest common divisor of 440 and m.
55
Let m = -525 + 534. What is the greatest common divisor of 2 and m?
1
Suppose 53*c - 756 = -c. Let f be 2 + -12*(-8 - 0). What is the greatest common divisor of c and f?
14
Suppose 4*h + 5*o - 45 = 3, -3*h + 5*o + 1 = 0. Suppose -12 - 4 = -4*k. Suppose a + 0 = -p + 2, -20 = k*a. What is the greatest common divisor of p and h?
7
Let z = -59 + 92. Suppose 25 = 5*o, 3*r - z = r - 5*o. Calculate the greatest common divisor of 36 and r.
4
Suppose -4*i - 3*t = -2*t - 23, 3 = -3*t. Let w be (-11)/((-495)/6) + (-1616)/(-30). Calculate the greatest common divisor of w and i.
6
Let a = -736 - -1420. Calculate the greatest common factor of a and 76.
76
Let u = -45 - -43. Let f be (40/12)/(u/(-24)). Calculate the highest common divisor of 80 and f.
40
Let b(t) be the first derivative of -t**4/4 - t**3 - 5*t**2/2 - 10*t - 11. Let v be b(-5). What is the highest common factor of 13 and v?
13
Let t be 2 + 93*(-4)/(-12). Let d = -17 + t. What is the highest common divisor of 16 and d?
16
Suppose 4*c - 16 = 0, -1600 = 5*m + 3*c - 8*c. Let w = -162 - m. What is the highest common factor of 14 and w?
14
Suppose 22*t + 10 - 76 = 0. Let q be (4/(-7))/(4/(-14)). Suppose q*b = -0*n - 3*n + 18, -2*n + 44 = 4*b. What is the greatest common factor of b and t?
3
Let w(j) be the second derivative of 5/6*j**4 + 4*j - 2*j**2 + 0 + 1/2*j**3 - 1/20*j**5. Let f be w(10). What is the greatest common divisor of 130 and f?
26
Suppose -3*i - 3168 = -47*i. Calculate the highest common divisor of 1188 and i.
36
Suppose 0 = 4*f - 8*k + 5*k - 45, -47 = -4*f + k. Calculate the highest common factor of f and 96.
12
Suppose -5*t = 2*g - 1482, -t - 177 = 4*g - 477. Calculate the greatest common factor of t and 37.
37
Suppose 7*d - 147 = -49. Let f = 25 + 87. What is the greatest common divisor of f and d?
14
Let w = -710 + 1198. Calculate the highest common divisor of w and 8.
8
Let s(g) = 11*g**2 - 3*g - 2. Let a = -12 + 18. Let t be ((-18)/27)/(4/a). Let y be s(t). Calculate the greatest common factor of y and 6.
6
Let i be ((-324)/(-21))/(-3 + 92/28). Calculate the greatest common factor of 144 and i.
18
Let h(a) = -15*a + 167. Let f be h(5). What is the greatest common divisor of f and 184?
92
Let h(x) = -18*x - 9. Let f be h(-4). Suppose l - a - 4*a = f, 5*l - 205 = 3*a. Calculate the highest common factor of l and 190.
38
Let r(l) = 5*l - 5. Let g be r(3). Suppose 0 = -2*u + 11 - 3. Suppose 3*t - u*t = -30. What is the highest common factor of g and t?
10
Suppose 0 = -n - 0*n - i + 11, -3*i - 27 = -3*n. Suppose -5*h = t - 38, 2*t - 22 = -2*h - n. What is the greatest common factor of 4 and h?
4
Suppose -2538*i + 2551*i = 364. Calculate the greatest common factor of 2156 and i.
28
Let g(x) = x**3 - 11*x**2 + 10*x + 2. Let u be g(10). Let s = -7 - -11. Calculate the highest common divisor of u and s.
2
Let t be 1/(-1) - (9 - 3). Suppose -8*l + 40 = -4*l. Let y = l - t. Calculate the greatest common divisor of y and 17.
17
Let b = -266 - -324. What is the greatest common factor of b and 2?
2
Suppose 96 = 3*a - 5*t, -a - 24 = -4*t - 63. Suppose 12*h + 5*f = 7*h + 15, -h = -5*f - a. Calculate the greatest common divisor of h and 7.
7
Let y = -1148 - -1179. Calculate the greatest common factor of 775 and y.
31
Let d be 385/3 - (0 - (-7)/21). Let u(l) = -l**2 + 11*l - 2. Let y be u(9). What is the greatest common factor of d and y?
16
Let k(q) = 7*q**2 - 51*q + 12. Let d be k(9). What is the greatest common divisor of 48 and d?
24
Let j(r) = -r**2 + 16*r - 30. Let u be j(14). Let q be 3/(u + 105/50). What is the greatest common divisor of 3 and q?
3
Suppose 25 = -3*c - 4*a + 107, -2*a + 80 = 3*c. Suppose -27*x - 39 = -28*x. Suppose -4*m + x = -m. Calculate the greatest common factor of c and m.
13
Let i be 3*(1 - (-5)/15). Suppose 6*d + i*d = 680. What is the greatest common divisor of d and 17?
17
Let y = -148 - -160. Let r(i) = i**3 - i - 6. Let j be r(0). Let l be ((-108)/16)/(j/32). Calculate the highest common factor of l and y.
12
Let f(y) = -4*y - 6. Let s be (3/2)/(12/(-16)). Let z be f(s). What is the highest common factor of 18 and z?
2
Let d = -58 + 62. Suppose d*l + 24 - 932 = -4*j, 5*j + 482 = 2*l. What is the highest common factor of 33 and l?
33
Suppose -4*f + 6 = 38. Let z(m) = -m**2 - 7*m + 2. Let i be z(f). Let q be i/(-2)*-1 - -7. Calculate the highest common factor of 20 and q.
4
Let z be (-4)/6*24/16 + 6. What is the highest common divisor of 5 and z?
5
Suppose 5*y = -4*f + 33, -y + 5*f - 15 = -2*y. Suppose -n + 2*n - 35 = -h, -65 = -3*h + y*n. What is the highest common factor of h and 210?
30
Let s = 32 - 14. Calculate the greatest common factor of s and 126.
18
Let w(a) = a**3 + 8*a**2 - 9*a + 10. Let v be w(-7). Let b = v - 105. Calculate the greatest common factor of b and 68.
17
Suppose 2*o = 4*o. Let s be (5 - (o + 3))*(-27)/(-6). Calculate the highest common factor of 18 and s.
9
Suppose 260 = 15*o + 35. What is the highest common factor of o and 45?
15
Suppose -54*k + 46*k + 64 = 0. Calculate the greatest common divisor of 8 and k.
8
Let d(k) be the second derivative of -k**5/20 - k**4/3 + k**3/6 - 2*k**2 - 13*k. Let i be d(-6). What is the greatest common divisor of 155 and i?
31
Suppose 3*r - 17 = 19. Let s(a) = -17 - r + 25 + a. Let d be s(7). What is the highest common factor of 33 and d?
3
Let v = 25 - -158. Calculate the highest common factor of 305 and v.
61
Let x = 26 + 38. Let g = -79 + 112. Suppose g = -2*s + 6*s - q, -5*q = -3*s + 29. What is the highest common divisor of x and s?
8
Let g = -27 + 51. Let v = -98 - -194. Calculate the highest common factor of g and v.
24
Let l = -9 - -12. Suppose -2*s + l*v + 9 = -4, -8 = -s + 2*v. Calculate the greatest common factor of 1 and s.
1
Let q be -1*-273*-8*(-4)/96. Let n = 36 + -23. What is the greatest common divisor of n and q?
13
Suppose 3*j - 2442 = -237. Calculate the highest common divisor of j and 42.
21
Let w be (-4)/6*(94 + 8 + -3). Let l = 110 + w. What is the highest common divisor of l and 11?
11
Let s be ((-980)/(-8))/(-5)*-8. Suppose -4*p = -4*h + s, -6*h + 2*h + p = -211. What is the greatest common factor of h and 135?
27
Let m(w) = -w**3 + 6*w**2 - 7. Suppose 3*d - 6 = 9. Let n be m(d). What is the highest common factor of 45 and n?
9
Suppose -7*f + 14 = -490. What is the greatest common divisor of 162 and f?
18
Suppose -90 = 2*q + 4*q. Let k(d) = 2*d**2 + 30*d + 31. Let m be k(q). Calculate the highest common factor of m and 279.
31
Let s be (21/(-63))/(3/(-2070)). Let r = 130 + -38. What is the highest common factor of s and r?
46
Let a(c) = -c**2 + 7*c + 8. Let d be a(6). Suppose -61 + 901 = 20*h. What is the highest common divisor of h and d?
14
Let z be -1 + (-2 - -16) - -1. Let n(x) = -56 + 2*x + 27 + 15 + 0*x. Let f be n(8). What is the highest common divisor of z and f?
2
Suppose -2*i + 60 = -g - 39, -2*i - 5*g + 117 = 0. What is the greatest common divisor of i and 272?
17
Let c be 36*(22/6 + -1). Suppose -31*s + 33*s + 50 = 0. Let g be (-369)/(-15) - (-15)/s. What is the greatest common factor of g and c?
24
Suppose -4*h - 13 - 7 = 2*j, -5*h - j - 28 = 0. Let p be (15/h)/(0 - (-3)/(-42)). What is the greatest common factor of 35 and p?
35
Let f(o) = -o + 25. Let s be f(0). Let w(g) = g**2 - 14*g + 45. Let z be w(10). Let t = s + z. What is the highest common divisor of 10 and t?
10
Let m(p) = -p**2 + 39*p + 90. Let r be m(21). What is the greatest common factor of r and 52?
52
Suppose 3*z - 34 - 38 = 0. Suppose -z = -2*x + 34. Let c(j) = 10*j + 17. Let v be c(7). What is the greatest common divisor of v and x?
29
Suppose -9 - 7 = -4*w. Let p be w/(0 - (-8)/220). Suppose 5*d - p = -5. What is the greatest common factor of 14 and d?
7
Let k be 2/5 + 7277/95. Calculate the greatest common factor of k and 77.
77
Suppose 0 